 + j. Let y be 6/27 + (-187)/(-9). Calculate the greatest common factor of y and w.
7
Suppose 0 = 2*s - s - 43. Suppose -7*m - s = -155. What is the highest common divisor of m and 12?
4
Let t(u) = -u**3 - 15*u**2 + 15*u + 29. Let s be t(-16). What is the greatest common factor of 45 and s?
45
Let o(b) = b**3 - b**2 - 4*b - 2. Let u be o(6). Let n be 2 - (82 - (-2 + 3)). Let c = n + u. Calculate the highest common divisor of c and 15.
15
Suppose -2*x = 3*x - 25, -3*x = 2*q - 31. Suppose q*n = 3*n - 15. Let o be 42 - (5 + 9/n). What is the highest common factor of o and 8?
8
Let t(v) = -1 + 5*v**2 - v**2 + 0*v**2 + 2*v. Let u be t(3). Let q be 79 + 6 + -5 + 2. What is the highest common divisor of u and q?
41
Let p = -318 - -372. What is the greatest common factor of 36 and p?
18
Suppose 0 = u - 5 + 1. Suppose 0 = u*y + 3*s - 67 - 9, -5*y = 2*s - 88. Suppose 2*i = 10, y = g + i + 2*i. What is the highest common divisor of 8 and g?
1
Suppose -60 + 12 = -8*a. Suppose a = c + 4. What is the greatest common divisor of 4 and c?
2
Suppose -3*x + 4 = -5*x. Let h be (x + 2 + 1)*5. Suppose 3*c + 0*c - 3*z - 99 = 0, 101 = 3*c - 2*z. What is the greatest common divisor of c and h?
5
Suppose -5*k + 0*k = 185. Let f = -25 - k. Let l(s) = 10*s - 4. Let x be l(4). What is the greatest common factor of x and f?
12
Let v = 894 - 474. Suppose -v = -2*n - 8*n. Calculate the greatest common divisor of n and 63.
21
Suppose -4*g - 2*f + 200 = 0, 6*f = g + 7*f - 48. Calculate the greatest common divisor of 104 and g.
52
Let j be 40 - (-5 + (0 - 1)). What is the highest common divisor of 2 and j?
2
Let l(b) = -24*b. Let o be l(-1). Suppose 6*w + 720 = 16*w. Calculate the greatest common factor of w and o.
24
Suppose -48 = 34*w - 37*w. Suppose c - 4*c = -207. Suppose -21 = 3*z - c. Calculate the greatest common divisor of w and z.
16
Let x(s) be the third derivative of -s**5/60 + s**4/3 + 11*s**3/6 + s**2. Let q be x(8). What is the highest common divisor of 99 and q?
11
Suppose -65 + 21 = 2*r. Let d be 20/15 - r/6. Suppose -20 + 60 = d*l. What is the greatest common factor of 88 and l?
8
Suppose -15*c = 1 - 1. Suppose -80 = -8*r - c*r. Calculate the highest common divisor of r and 2.
2
Let s(g) = -7*g - 27. Let h be s(-8). Suppose 5*b + 4 - h = 0. What is the greatest common divisor of 10 and b?
5
Suppose 0 = 2*y - 5*l - 10 - 5, -2*y + 3*l = -9. Suppose 29 = -y*f + f. Suppose -6*q + 844 = -374. Calculate the greatest common factor of q and f.
29
Suppose 11*b = 4*b + 35. Suppose d - b*f + 160 = 5*d, 2*d = -3*f + 80. Calculate the greatest common factor of d and 280.
40
Let o be 6 + -4 + 3 - 2. Let z be 0/o + -1 - -10. Let n(p) = p**2 + p - 3. Let k be n(3). Calculate the greatest common factor of k and z.
9
Let t(v) = -13*v**3 + 6*v**3 + 5*v**3 + 2*v - 5*v + 3*v**2 - 7. Let k be t(-5). What is the greatest common factor of 37 and k?
37
Let m(h) = h**3 - 11*h**2 + 12*h - 28. Let p be m(11). What is the greatest common divisor of 26 and p?
26
Let o(c) = -9*c - 1. Let q be o(-2). Let l = q + -11. What is the greatest common divisor of l and 42?
6
Let l = 3 + -5. Let w be (3/l)/(7/(-28)). Let y be -1 + (w + -1)*3. Calculate the greatest common divisor of y and 126.
14
Suppose -28*l + 27*l - 22 = -4*y, 3*y - 3*l - 12 = 0. Calculate the highest common divisor of y and 480.
6
Suppose -89 - 39 = -z. Let b be ((-11)/11)/((-2)/z). Suppose -w = 2*m - 34, -2*w - 23 = -2*m + 5. Calculate the greatest common divisor of b and m.
16
Let r = 1336 + -811. Calculate the highest common divisor of 21 and r.
21
Let o be (1 + -118)/(-3) + -4. Calculate the highest common factor of 140 and o.
35
Let t = 516 - 450. What is the greatest common divisor of t and 1122?
66
Suppose 2*s - 4 = 2*c - 78, -3*s = c - 33. Let t be (-3)/3*3 + (-4 - -19). Calculate the highest common divisor of t and c.
12
Suppose 2 = 2*d + 10. Let l be (-46)/10 - d/(-10). Let g be ((-2)/6)/(l/135). What is the greatest common factor of g and 27?
9
Suppose 0 = -4*o + 3*f + 25, -o + 3*f - 26 + 39 = 0. What is the greatest common divisor of o and 20?
4
Let y(d) = d**3 + 5*d**2 + 4*d + 5. Let j be y(4). What is the greatest common factor of j and 15?
15
Suppose 4*k = -k + 2*u + 173, -4*k + 143 = 3*u. What is the highest common divisor of k and 25?
5
Suppose -8 = -5*l + 2. Suppose 0 = -k - 2*w + 53, -w = -1 - l. Let r = k - 2. Calculate the highest common divisor of r and 9.
9
Let n = -555 - -585. Calculate the highest common divisor of 50 and n.
10
Let g(a) = a**2 - 6*a - 12. Let c be g(8). Suppose 135 - 9 = 2*m + n, -m = -c*n - 54. Calculate the greatest common factor of m and 93.
31
Suppose -2*k + 95 = 3*k. Let j be ((-1)/(-3))/((-5)/(-15)). Let p(g) = 178*g - 7. Let d be p(j). What is the greatest common factor of k and d?
19
Suppose 11*n = 7*n - 5*t + 2117, 3*n + 5*t - 1589 = 0. Calculate the highest common divisor of 96 and n.
48
Let u be 6/(2/(8/6)). Let j be 5 + -1 + u/2. Let q be (-54)/60*-5*28/7. What is the highest common divisor of q and j?
6
Let n = -1508 - -1724. Let a = 11 - -16. Calculate the greatest common factor of n and a.
27
Let j be 1 - (-24)/((-8)/(-4)). Calculate the highest common divisor of j and 3.
1
Let n(y) = -y**3 + 7*y**2 + 8*y + 56. Let s be n(8). Calculate the greatest common divisor of s and 21.
7
Let d = -149 + 349. What is the highest common factor of d and 120?
40
Let t(n) = n**3 - 23*n**2 - 51*n + 34. Let l be t(25). Calculate the greatest common factor of l and 252.
9
Let s = 657 + -521. Calculate the highest common divisor of s and 8.
8
Let h be -7 - (2 + -6 + 2). Let y be 40*2 + h + 5. Suppose 4*l = -2*b + 6*b - y, -2*l + 8 = b. What is the highest common factor of 176 and b?
16
Let w(v) = 99*v + 130. Let k be w(23). Calculate the greatest common divisor of k and 29.
29
Suppose -57 = 4*c + 27. Let r be 12*(c/12 + 2). Let k be 10/((-2)/(-2)) + r. What is the greatest common factor of 13 and k?
13
Let r = 76 + 241. What is the greatest common divisor of 1 and r?
1
Suppose 24*w = 23*w + 43. Suppose -k = 3*k + 100. Let y = k + w. Calculate the greatest common factor of 6 and y.
6
Let k(a) = a**3 - 11*a**2 + 40*a + 11. Let c be k(9). What is the greatest common factor of c and 33?
11
Let i be -1 - 1 - (-209)/1. Suppose 4*k + 0*k = 20, -2*y - 5*k + 19 = 0. Let s be 46/(-2)*y/3. What is the greatest common factor of i and s?
23
Let b = 11 + -8. Let m(j) = -j**2 - 2. Let z be m(b). Let g(a) = -23*a - 11. Let k be g(z). Calculate the highest common divisor of k and 22.
22
Let f(q) = 3*q**2 + 4*q - 5. Let z be f(2). Suppose 4*h = p + 1692, -5*h + z*p + 2115 = 19*p. Calculate the highest common divisor of 47 and h.
47
Let v = 25 - 25. Let h be (-316)/(-4) - v - -1. Calculate the highest common factor of h and 16.
16
Let o(c) be the second derivative of 3*c**5/20 - c**4/2 - c**3/6 - 2*c**2 + 41*c. Let a be o(5). Calculate the highest common divisor of a and 27.
27
Let w = 183 - 123. Suppose o + k - 17 = 2*k, -5*o + 80 = -4*k. Calculate the highest common divisor of o and w.
12
Let k(o) = 16*o**2 - 4*o - 2. Let f be k(-3). Let x(u) = 12*u. Let r be x(-2). Let q = r + 46. Calculate the highest common factor of f and q.
22
Let a = -18 - -13. Let k = 16 - a. Suppose -k = -2*b + 5*c, 0 = 4*b - 3*c + 11 - 32. Calculate the highest common factor of b and 6.
3
Let y = 416 + -271. What is the greatest common factor of y and 464?
29
Suppose 15 = k - 2*k - 4*z, 4*k = -2*z - 18. Let b be (-10)/k + (-2)/(-3). Suppose 0*v + 8 = v. Calculate the highest common divisor of b and v.
4
Suppose p - 5*k = 16 + 27, 0 = -p + 2*k + 49. Calculate the highest common factor of 371 and p.
53
Suppose 3*w = -2*y + 18, 16 = -0*w + w + 4*y. Suppose 18 = w*x - 2*f - 8, 5*f + 21 = -x. Calculate the greatest common divisor of 36 and x.
4
Suppose 5*z = 63 - 58. Calculate the greatest common factor of 48 and z.
1
Let x be (3 + (-2)/(-2))/2. Suppose -4*p + p + 3*l + 810 = 0, p + x*l = 258. Calculate the highest common factor of p and 14.
14
Suppose -2*g - 3*d - 111 = 0, -73 = g + 9*d - 4*d. Let y be (52/(-3))/(32/g). What is the highest common divisor of 182 and y?
26
Let m(d) = -69*d**3 + 2*d**2 - 1. Let r be m(-1). Let h = 711 - 669. What is the highest common divisor of r and h?
14
Suppose -5*q + 36 = -q. Suppose 8*y - 11*m - 79